= 3*x**2 - 3*x + 1. Let n(s) = 2*s**2 - 3*s + 2. Let c be n(2). Let v be r(c). Let z = 52 - v. Calculate the remainder when 44 is divided by z.
14
Let t be (15/(-12))/(3/(-24)). Let f = 17 - t. What is the remainder when f is divided by 5?
2
Suppose -2*p - 284 = -2*v - 2*v, 0 = -v - p + 65. Calculate the remainder when v is divided by 9.
6
Let z(w) = 2*w**2 + 10*w - 7. Suppose 7*n = 5*n - 16. What is the remainder when z(n) is divided by 7?
6
Suppose -3*v - m = -71, 2*v + 3*m - 41 - 18 = 0. Calculate the remainder when 87 is divided by v.
21
Let y = 9 - -5. Let a = 12 + 43. Calculate the remainder when a is divided by y.
13
Suppose 23 = -g + 55. Calculate the remainder when g is divided by 17.
15
Suppose i - 4*a - 1 = 8, 0 = -5*i + 5*a + 45. What is the remainder when 17 is divided by i?
8
Let h(t) = -3*t**3 + t - 1. Let r(b) = -4*b**3 + b - 2. Let m(v) = -3*h(v) + 2*r(v). What is the remainder when (-1)/(12/(-27))*4 is divided by m(2)?
4
Let m(g) be the second derivative of g**4/12 + g**3/2 + 7*g**2/2 + 2*g. Let f = -40 + 35. Calculate the remainder when 50 is divided by m(f).
16
What is the remainder when (-308)/(-12) + 2/6 is divided by 9?
8
Let o(t) = 6*t + 2. Let l(x) = 4*x + 16. Let h be 7/(-56) - 98/(-16). Calculate the remainder when l(h) is divided by o(2).
12
Let k = 138 + -80. What is the remainder when k is divided by -2 - (-15 + 1*-2)?
13
Suppose 2*o + 20 = 2*y, -4*y + 2*o = -0*y - 30. What is the remainder when 48 is divided by y?
3
Suppose m + 0 = 7. What is the remainder when (-8)/(-52) - 516/(-26) is divided by m?
6
Suppose 8 + 28 = 3*r. Suppose 5*o - 5 = 0, -3*o = 5*s - 2*o - 91. Let n = 5 + s. Calculate the remainder when n is divided by r.
11
Let t = -38 + 63. What is the remainder when t is divided by 9?
7
Suppose 5*f - 3*k - 36 = 48, 0 = -5*f - 5*k + 100. Calculate the remainder when f is divided by 11.
7
What is the remainder when 1/(-4)*(1 + 2)*-104 is divided by 40?
38
Let k = 6 - 2. Suppose 3*v - 133 = -4*v. What is the remainder when v is divided by k?
3
Suppose 3*f + 132 = 5*u, 2*u - 52 = 5*f - 4*f. Suppose -15 + 6 = -j. What is the remainder when u is divided by j?
6
Let z(d) = 3*d - 6. Suppose 4*n - 46 = 2. What is the remainder when z(n) is divided by 11?
8
Let s(b) = 16*b**2 + 12*b - 4. Calculate the remainder when s(-4) is divided by 70.
64
Let a(i) = 29*i + 2. Calculate the remainder when a(1) is divided by 18.
13
Suppose -3 = 3*f, -3*f - 5 - 10 = -4*g. Suppose 0 = 5*m + 4*z - 80, 3*m = g*z + 2*z + 85. Let w = -16 - -27. What is the remainder when m is divided by w?
9
Let z be (-76)/10 + 14/(-35). What is the remainder when (-414)/z - 1/(-4) is divided by 18?
16
Let t = -12 - -19. Suppose -6*u + t*u - 4 = 0. What is the remainder when u is divided by 2?
0
Let j(k) = 2*k**2 + 10*k + 10. Let h(o) = 2*o**2 - 3*o**2 - 3*o - 1 - 2. Let q be h(-4). Calculate the remainder when j(q) is divided by 13.
12
Let h = -10 - -20. Let y = 94 - 75. What is the remainder when y is divided by h?
9
Let z be 0/1 + 1 + -8. Let f = 5 + z. What is the remainder when (2/(-3))/(f/69) is divided by 12?
11
Suppose 3*i + 12 = -i, 2*l + 3*i - 15 = 0. Let b(d) = d**3 - 4*d**2 + 2*d - 1. What is the remainder when l is divided by b(4)?
5
Suppose -4*l - 2 = -14, m + 7 = 5*l. Let a = 44 - 14. Calculate the remainder when a is divided by m.
6
Let p be (-193)/(-2) + 3/6. Suppose -2*j + y + p = 0, -5*j + 117 = -5*y - 138. Calculate the remainder when j is divided by 16.
14
Let k(v) be the second derivative of 5*v**4/12 + v**3/6 + 5*v**2/2 - 9*v. What is the remainder when k(-3) is divided by 12?
11
Suppose p = -p + 44. Calculate the remainder when p is divided by 5/((-10)/(-6)) - -2.
2
Let f = 62 - 38. Calculate the remainder when 70 is divided by f.
22
Suppose -92 = -8*i + 116. What is the remainder when 80 is divided by i?
2
Let f = -8 + 14. Suppose -5*j - u + 100 = 4*u, -5*j + 114 = -2*u. What is the remainder when j is divided by f?
4
Let x(z) = -z**2 - 1 + 2 + 4*z + z**3 - 3*z**3 - 5*z. What is the remainder when x(-2) is divided by 9?
6
Let u = 2 - 8. Suppose -5*j + 41 = -9. What is the remainder when 21 + 6/(u/3) is divided by j?
8
Suppose -7*a - 39 + 767 = 0. What is the remainder when a is divided by 15?
14
Suppose -l + 1 = -0*l + 2*j, -18 = -2*l + 4*j. Suppose 2*g + 3 = l*g. What is the remainder when 1 is divided by g?
0
Suppose 6*r = 2*r + 20. Suppose 5*s = -7*i + 2*i + 10, -r*s - 3*i = -12. Calculate the remainder when 7 is divided by s.
1
Calculate the remainder when 9 is divided by -16*3/(-6) - 3.
4
Suppose 0*z = z. Let x(h) = h**3 - h**2 + 16. Suppose -2 = 3*m - 5, 91 = 3*a - 2*m. Calculate the remainder when a is divided by x(z).
15
Let d(z) = 2*z + 2. Suppose 0 = f - 4*f + 126. Let q = -19 + f. Calculate the remainder when q is divided by d(3).
7
Let s = 2 + 3. Suppose s*n = -b - 3 - 13, 2*n = 2*b - 16. Calculate the remainder when 15 is divided by b.
3
Suppose -6 = 2*g + 2, -5*n = -g - 164. Let w = 8 + n. Calculate the remainder when w is divided by 14.
12
Let p(w) = 39*w + 1. Let s(b) = b**3 + 2*b**2 - 4*b + 1. Let r be s(-3). Suppose -2*f + r*f = 28. Calculate the remainder when p(1) is divided by f.
12
Let l(h) = h**3 - 7*h**2 + h - 5. Calculate the remainder when 3 is divided by l(7).
1
Suppose 0 = -6*v + 9*v - 225. Suppose -v = -2*d - 3*d. What is the remainder when 41 is divided by d?
11
What is the remainder when (4 - -5)/(12/104) is divided by 22?
12
Let r = -97 - -109. What is the remainder when 20 is divided by r?
8
Suppose -n = -4*v + 25, -4*v - 4*n - 5 = -v. Suppose q + 13 - 49 = -v*w, w - 8 = -q. What is the remainder when w is divided by (-2)/(-1) - (2 + -3)?
1
Suppose 4*l + h = 600, -5*l - 2*h + 533 = -214. Let m = l - 82. Suppose -3*a + 13 = v, 0 = -3*v + 4*a - 7*a + m. What is the remainder when v is divided by 15?
13
Let f = -1 - 32. Suppose -1 = 3*o - 10. Calculate the remainder when o is divided by f/(-15) + (-1)/5.
1
Suppose 4*q = -3*i - 10 - 0, -2*i + 16 = -3*q. Calculate the remainder when i is divided by 1.
0
Let p(r) = r**2 - 8*r - 6. Let c be p(9). Suppose -26 = -3*u + u. Let d = u - c. What is the remainder when 18 is divided by d?
8
Suppose -2*p + 3*w - 2*w = -266, -6 = -3*w. What is the remainder when p is divided by 34?
32
Suppose -4*p + 583 = 3*j, 0 = j - 2*j + p + 185. Suppose 5*v = -3*i - 59 + j, -4*v = 2*i - 86. Calculate the remainder when i is divided by 12.
9
Let b = -7 - -9. Calculate the remainder when 6 + (-2 - -1) + 0 is divided by b.
1
Suppose 4*g - 42 = 2*c + c, 4*c - 20 = -g. What is the remainder when -3*(-2 + (-28)/3) is divided by g?
10
Suppose -2*g = 7 - 85. Let n(v) be the third derivative of v**5/60 - v**4/6 + 5*v**3/6 + 3*v**2. What is the remainder when g is divided by n(5)?
9
Let i = 114 + -87. Calculate the remainder when i is divided by 8.
3
Suppose 5*u - 9*u = -52. Calculate the remainder when 76 is divided by u.
11
Let v(d) = d**3 + 5*d**2 + d - 4. Let j be v(-4). Suppose 7*b = 2*b - 2*m + 53, b + 3*m = j. Calculate the remainder when 20 is divided by b.
9
Suppose 6*i - 98 = 2*i + 2*q, -i + 5*q = -11. Suppose -5*g + 6*z - 3*z = -61, 2*z = 3*g - 36. Calculate the remainder when i is divided by g.
12
Suppose 0 = 5*u + b - 13, -2*u - b - 5 = -4*b. What is the remainder when u/((-8)/(-420)*5) is divided by 12?
9
Suppose 0 = 2*k - k - 60. Suppose 0 = 3*o + 2*o - k. Calculate the remainder when o is divided by 7.
5
Suppose -17*o - 20 = -12*o. Suppose 3 = h + 2. Let c = h - o. What is the remainder when c is divided by 4?
1
Let q = 41 + -20. Calculate the remainder when 8/(-12)*(-246)/4 is divided by q.
20
Let m(d) = -d**2 - 10*d - 15. Calculate the remainder when 51 is divided by m(-6).
6
Suppose 5*y - 3*q = 2 - 43, 0 = -3*y - 2*q - 36. Let w be 2/(-10) + (-2)/y. Suppose 5 = p - w*p. Calculate the remainder when p is divided by 2.
1
Calculate the remainder when 14 is divided by (9/(-6))/(3/(-16)).
6
Let t(j) = 10*j + 3. What is the remainder when 44 is divided by t(2)?
21
Suppose 7*x - 5*x = 50. Let y be (-24)/1*(-2)/3. Let f = 29 - y. Calculate the remainder when x is divided by f.
12
Calculate the remainder when 39 is divided by 4/(2 - (-12)/(-7)).
11
Let f = -47 - -77. What is the remainder when 149 is divided by f?
29
What is the remainder when 63 is divided by (6 - 7)